{"id":184,"date":"2020-07-13T08:07:55","date_gmt":"2020-07-13T08:07:55","guid":{"rendered":"https:\/\/www.prdaigl.bi\/?page_id=184"},"modified":"2020-07-18T07:40:33","modified_gmt":"2020-07-18T07:40:33","slug":"composantes","status":"publish","type":"page","link":"https:\/\/prdaigl.bi\/?page_id=184","title":{"rendered":"Composantes"},"content":{"rendered":"<section class=\"wpb-content-wrapper\"><p>[vc_row][vc_column][vc_text_separator title=&#8221;LES COMPOSANTES DU PROJET&#8221; color=&#8221;custom&#8221; style=&#8221;double&#8221; border_width=&#8221;10&#8243; css_animation=&#8221;zoomIn&#8221; accent_color=&#8221;#002fef&#8221;][\/vc_column][\/vc_row][vc_row css_animation=&#8221;zoomIn&#8221; css=&#8221;.vc_custom_1594642437070{background-color: #f2f2c9 !important;}&#8221;][vc_column width=&#8221;1\/4&#8243;][vc_wp_text title=&#8221;COMPOSANTE 1&#8243;]<\/p>\n<p style=\"text-align: justify;\"><span style=\"color: #0000ff;\"><strong><img decoding=\"async\" class=\"size-medium wp-image-635 alignleft\" src=\"https:\/\/www.prdaigl.bi\/wp-content\/uploads\/2020\/07\/logo_prdaigl-2-300x63.png\" alt=\"\" width=\"300\" height=\"63\" srcset=\"https:\/\/prdaigl.bi\/wp-content\/uploads\/2020\/07\/logo_prdaigl-2-300x63.png 300w, https:\/\/prdaigl.bi\/wp-content\/uploads\/2020\/07\/logo_prdaigl-2-1024x216.png 1024w, https:\/\/prdaigl.bi\/wp-content\/uploads\/2020\/07\/logo_prdaigl-2-768x162.png 768w, https:\/\/prdaigl.bi\/wp-content\/uploads\/2020\/07\/logo_prdaigl-2-600x126.png 600w, https:\/\/prdaigl.bi\/wp-content\/uploads\/2020\/07\/logo_prdaigl-2.png 1349w\" sizes=\"(max-width: 300px) 100vw, 300px\" \/>Am\u00e9lioration de la productivit\u00e9 et de la production des petits exploitants agricoles.<\/strong><\/span><br \/>\n<strong><span style=\"color: #000000;\">Sous-composante 1.1. : Renforcement des organisations de producteurs<\/span><\/strong><br \/>\n<strong><span style=\"color: #000000;\">Sous-composante 1.2. : Appui \u00e0 la production de riz et de ma\u00efs<\/span><\/strong><br \/>\n<strong><span style=\"color: #000000;\">Sous-composante 1.3. : Appui au d\u00e9veloppement de la cha\u00eene de valeur des produits laitiers<\/span><\/strong><\/p>\n<p>[\/vc_wp_text][\/vc_column][vc_column width=&#8221;1\/4&#8243;][vc_wp_text title=&#8221;COMPOSANTE 2&#8243;]<\/p>\n<p style=\"text-align: justify;\"><span style=\"color: #ff0000;\"><strong><img decoding=\"async\" class=\"size-medium wp-image-635 alignleft\" src=\"https:\/\/www.prdaigl.bi\/wp-content\/uploads\/2020\/07\/logo_prdaigl-2-300x63.png\" alt=\"\" width=\"300\" height=\"63\" srcset=\"https:\/\/prdaigl.bi\/wp-content\/uploads\/2020\/07\/logo_prdaigl-2-300x63.png 300w, https:\/\/prdaigl.bi\/wp-content\/uploads\/2020\/07\/logo_prdaigl-2-1024x216.png 1024w, https:\/\/prdaigl.bi\/wp-content\/uploads\/2020\/07\/logo_prdaigl-2-768x162.png 768w, https:\/\/prdaigl.bi\/wp-content\/uploads\/2020\/07\/logo_prdaigl-2-600x126.png 600w, https:\/\/prdaigl.bi\/wp-content\/uploads\/2020\/07\/logo_prdaigl-2.png 1349w\" sizes=\"(max-width: 300px) 100vw, 300px\" \/>Appui aux investissements dans le secteur agro-alimentaire et \u00e0 l\u2019\u00e9tablissement de liens avec les march\u00e9s.<\/strong><\/span><br \/>\n<strong><span style=\"color: #000000;\">Sous-composante 2.1. : Cr\u00e9ation d\u2019un environnement g\u00e9n\u00e9ral et d\u2019un climat d&#8217;investissement plus favorable \u00e0 l\u2019agro-industrie<\/span><\/strong><br \/>\n<strong><span style=\"color: #000000;\">Sous-composante 2.2. : Appui \u00e0 l&#8217;apport de valeur ajout\u00e9e et \u00e0 l\u2019\u00e9tablissement de liens avec les march\u00e9s<\/span><\/strong><br \/>\n<strong><span style=\"color: #000000;\">Sous-composante 2.3. : Am\u00e9lioration de l&#8217;infrastructure routi\u00e8re rurale pour garantir l&#8217;acc\u00e8s aux march\u00e9s<\/span><\/strong><\/p>\n<p>[\/vc_wp_text][\/vc_column][vc_column width=&#8221;1\/4&#8243;][vc_wp_text title=&#8221;COMPOSANTE 3&#8243;]<\/p>\n<p style=\"text-align: justify;\"><span style=\"color: #008000;\"><strong><img decoding=\"async\" class=\"size-medium wp-image-635 alignleft\" src=\"https:\/\/www.prdaigl.bi\/wp-content\/uploads\/2020\/07\/logo_prdaigl-2-300x63.png\" alt=\"\" width=\"300\" height=\"63\" srcset=\"https:\/\/prdaigl.bi\/wp-content\/uploads\/2020\/07\/logo_prdaigl-2-300x63.png 300w, https:\/\/prdaigl.bi\/wp-content\/uploads\/2020\/07\/logo_prdaigl-2-1024x216.png 1024w, https:\/\/prdaigl.bi\/wp-content\/uploads\/2020\/07\/logo_prdaigl-2-768x162.png 768w, https:\/\/prdaigl.bi\/wp-content\/uploads\/2020\/07\/logo_prdaigl-2-600x126.png 600w, https:\/\/prdaigl.bi\/wp-content\/uploads\/2020\/07\/logo_prdaigl-2.png 1349w\" sizes=\"(max-width: 300px) 100vw, 300px\" \/>Int\u00e9gration institutionnelle, acquisition de connaissances et diffusion des informations au niveau r\u00e9gional.<\/strong><\/span><br \/>\n<strong><span style=\"color: #000000;\">Sous-composante 3.1 : Coop\u00e9ration r\u00e9gionale et d\u00e9veloppement des capacit\u00e9s des chercheurs en agriculture<\/span><\/strong><br \/>\n<strong><span style=\"color: #000000;\">Sous-composante 3.2 : D\u00e9veloppement de technologies rentables et durables<\/span><\/strong><br \/>\n<strong><span style=\"color: #000000;\">Sous-composante 3.3 : Diagnostic et appui aux services de laboratoire<\/span><\/strong><\/p>\n<p>[\/vc_wp_text][\/vc_column][vc_column width=&#8221;1\/4&#8243;][vc_wp_text title=&#8221;COMPOSANTE 4&#8243;]<\/p>\n<p style=\"text-align: justify;\"><span style=\"color: #ff6600;\"><strong><img decoding=\"async\" class=\"size-medium wp-image-635 alignleft\" src=\"https:\/\/www.prdaigl.bi\/wp-content\/uploads\/2020\/07\/logo_prdaigl-2-300x63.png\" alt=\"\" width=\"300\" height=\"63\" srcset=\"https:\/\/prdaigl.bi\/wp-content\/uploads\/2020\/07\/logo_prdaigl-2-300x63.png 300w, https:\/\/prdaigl.bi\/wp-content\/uploads\/2020\/07\/logo_prdaigl-2-1024x216.png 1024w, https:\/\/prdaigl.bi\/wp-content\/uploads\/2020\/07\/logo_prdaigl-2-768x162.png 768w, https:\/\/prdaigl.bi\/wp-content\/uploads\/2020\/07\/logo_prdaigl-2-600x126.png 600w, https:\/\/prdaigl.bi\/wp-content\/uploads\/2020\/07\/logo_prdaigl-2.png 1349w\" sizes=\"(max-width: 300px) 100vw, 300px\" \/>Gestion du projet et appui institutionnel<\/strong><\/span><br \/>\n<strong><span style=\"color: #000000;\">Sous-composante 4.1. : Gestion et coordination du projet<\/span><\/strong><br \/>\n<strong><span style=\"color: #000000;\">Sous-composante 4.2.: Appui institutionnel, renforcement des capacit\u00e9s, plaidoyer et communication<\/span><\/strong><br \/>\n<strong><span style=\"color: #000000;\">Sous-composante 4.3 : Intervention d&#8217;urgence<\/span><\/strong><\/p>\n<p>[\/vc_wp_text][\/vc_column][\/vc_row][vc_row][vc_column][vc_text_separator title=&#8221;&#8221; color=&#8221;custom&#8221; style=&#8221;double&#8221; border_width=&#8221;10&#8243; css_animation=&#8221;zoomIn&#8221; accent_color=&#8221;#e00ddc&#8221;][\/vc_column][\/vc_row]<\/p>\n<\/section>","protected":false},"excerpt":{"rendered":"<p>[vc_row][vc_column][vc_text_separator title=&#8221;LES COMPOSANTES DU PROJET&#8221; color=&#8221;custom&#8221; style=&#8221;double&#8221; border_width=&#8221;10&#8243; css_animation=&#8221;zoomIn&#8221; accent_color=&#8221;#002fef&#8221;][\/vc_column][\/vc_row][vc_row css_animation=&#8221;zoomIn&#8221; css=&#8221;.vc_custom_1594642437070{background-color: #f2f2c9 !important;}&#8221;][vc_column width=&#8221;1\/4&#8243;][vc_wp_text title=&#8221;COMPOSANTE 1&#8243;] Am\u00e9lioration de la productivit\u00e9 et de la production des petits exploitants agricoles. Sous-composante 1.1. : Renforcement des organisations de producteurs Sous-composante 1.2. : &hellip; <\/p>\n","protected":false},"author":1,"featured_media":0,"parent":0,"menu_order":0,"comment_status":"closed","ping_status":"closed","template":"","meta":{"footnotes":""},"_links":{"self":[{"href":"https:\/\/prdaigl.bi\/index.php?rest_route=\/wp\/v2\/pages\/184"}],"collection":[{"href":"https:\/\/prdaigl.bi\/index.php?rest_route=\/wp\/v2\/pages"}],"about":[{"href":"https:\/\/prdaigl.bi\/index.php?rest_route=\/wp\/v2\/types\/page"}],"author":[{"embeddable":true,"href":"https:\/\/prdaigl.bi\/index.php?rest_route=\/wp\/v2\/users\/1"}],"replies":[{"embeddable":true,"href":"https:\/\/prdaigl.bi\/index.php?rest_route=%2Fwp%2Fv2%2Fcomments&post=184"}],"version-history":[{"count":9,"href":"https:\/\/prdaigl.bi\/index.php?rest_route=\/wp\/v2\/pages\/184\/revisions"}],"predecessor-version":[{"id":703,"href":"https:\/\/prdaigl.bi\/index.php?rest_route=\/wp\/v2\/pages\/184\/revisions\/703"}],"wp:attachment":[{"href":"https:\/\/prdaigl.bi\/index.php?rest_route=%2Fwp%2Fv2%2Fmedia&parent=184"}],"curies":[{"name":"wp","href":"https:\/\/api.w.org\/{rel}","templated":true}]}}

<section class="wpb-content-wrapper"><p>[vc_row][vc_column][vc_text_separator title=&#8221;LES COMPOSANTES DU PROJET&#8221; color=&#8221;custom&#8221; style=&#8221;double&#8221; border_width=&#8221;10&#8243; css_animation=&#8221;zoomIn&#8221; accent_color=&#8221;#002fef&#8221;][/vc_column][/vc_row][vc_row css_animation=&#8221;zoomIn&#8221; css=&#8221;.vc_custom_1594642437070{background-color: #f2f2c9 !important;}&#8221;][vc_column width=&#8221;1/4&#8243;][vc_wp_text title=&#8221;COMPOSANTE 1&#8243;]</p>
<p style="text-align: justify;"><span style="color: #0000ff;"><strong><img decoding="async" class="size-medium wp-image-635 alignleft" src="https://www.prdaigl.bi/wp-content/uploads/2020/07/logo_prdaigl-2-300x63.png" alt="" width="300" height="63" srcset="https://prdaigl.bi/wp-content/uploads/2020/07/logo_prdaigl-2-300x63.png 300w, https://prdaigl.bi/wp-content/uploads/2020/07/logo_prdaigl-2-1024x216.png 1024w, https://prdaigl.bi/wp-content/uploads/2020/07/logo_prdaigl-2-768x162.png 768w, https://prdaigl.bi/wp-content/uploads/2020/07/logo_prdaigl-2-600x126.png 600w, https://prdaigl.bi/wp-content/uploads/2020/07/logo_prdaigl-2.png 1349w" sizes="(max-width: 300px) 100vw, 300px" />Amélioration de la productivité et de la production des petits exploitants agricoles.</strong></span><br />
<strong><span style="color: #000000;">Sous-composante 1.1. : Renforcement des organisations de producteurs</span></strong><br />
<strong><span style="color: #000000;">Sous-composante 1.2. : Appui à la production de riz et de maïs</span></strong><br />
<strong><span style="color: #000000;">Sous-composante 1.3. : Appui au développement de la chaîne de valeur des produits laitiers</span></strong></p>
<p>[/vc_wp_text][/vc_column][vc_column width=&#8221;1/4&#8243;][vc_wp_text title=&#8221;COMPOSANTE 2&#8243;]</p>
<p style="text-align: justify;"><span style="color: #ff0000;"><strong><img decoding="async" class="size-medium wp-image-635 alignleft" src="https://www.prdaigl.bi/wp-content/uploads/2020/07/logo_prdaigl-2-300x63.png" alt="" width="300" height="63" srcset="https://prdaigl.bi/wp-content/uploads/2020/07/logo_prdaigl-2-300x63.png 300w, https://prdaigl.bi/wp-content/uploads/2020/07/logo_prdaigl-2-1024x216.png 1024w, https://prdaigl.bi/wp-content/uploads/2020/07/logo_prdaigl-2-768x162.png 768w, https://prdaigl.bi/wp-content/uploads/2020/07/logo_prdaigl-2-600x126.png 600w, https://prdaigl.bi/wp-content/uploads/2020/07/logo_prdaigl-2.png 1349w" sizes="(max-width: 300px) 100vw, 300px" />Appui aux investissements dans le secteur agro-alimentaire et à l’établissement de liens avec les marchés.</strong></span><br />
<strong><span style="color: #000000;">Sous-composante 2.1. : Création d’un environnement général et d’un climat d&#8217;investissement plus favorable à l’agro-industrie</span></strong><br />
<strong><span style="color: #000000;">Sous-composante 2.2. : Appui à l&#8217;apport de valeur ajoutée et à l’établissement de liens avec les marchés</span></strong><br />
<strong><span style="color: #000000;">Sous-composante 2.3. : Amélioration de l&#8217;infrastructure routière rurale pour garantir l&#8217;accès aux marchés</span></strong></p>
<p>[/vc_wp_text][/vc_column][vc_column width=&#8221;1/4&#8243;][vc_wp_text title=&#8221;COMPOSANTE 3&#8243;]</p>
<p style="text-align: justify;"><span style="color: #008000;"><strong><img decoding="async" class="size-medium wp-image-635 alignleft" src="https://www.prdaigl.bi/wp-content/uploads/2020/07/logo_prdaigl-2-300x63.png" alt="" width="300" height="63" srcset="https://prdaigl.bi/wp-content/uploads/2020/07/logo_prdaigl-2-300x63.png 300w, https://prdaigl.bi/wp-content/uploads/2020/07/logo_prdaigl-2-1024x216.png 1024w, https://prdaigl.bi/wp-content/uploads/2020/07/logo_prdaigl-2-768x162.png 768w, https://prdaigl.bi/wp-content/uploads/2020/07/logo_prdaigl-2-600x126.png 600w, https://prdaigl.bi/wp-content/uploads/2020/07/logo_prdaigl-2.png 1349w" sizes="(max-width: 300px) 100vw, 300px" />Intégration institutionnelle, acquisition de connaissances et diffusion des informations au niveau régional.</strong></span><br />
<strong><span style="color: #000000;">Sous-composante 3.1 : Coopération régionale et développement des capacités des chercheurs en agriculture</span></strong><br />
<strong><span style="color: #000000;">Sous-composante 3.2 : Développement de technologies rentables et durables</span></strong><br />
<strong><span style="color: #000000;">Sous-composante 3.3 : Diagnostic et appui aux services de laboratoire</span></strong></p>
<p>[/vc_wp_text][/vc_column][vc_column width=&#8221;1/4&#8243;][vc_wp_text title=&#8221;COMPOSANTE 4&#8243;]</p>
<p style="text-align: justify;"><span style="color: #ff6600;"><strong><img decoding="async" class="size-medium wp-image-635 alignleft" src="https://www.prdaigl.bi/wp-content/uploads/2020/07/logo_prdaigl-2-300x63.png" alt="" width="300" height="63" srcset="https://prdaigl.bi/wp-content/uploads/2020/07/logo_prdaigl-2-300x63.png 300w, https://prdaigl.bi/wp-content/uploads/2020/07/logo_prdaigl-2-1024x216.png 1024w, https://prdaigl.bi/wp-content/uploads/2020/07/logo_prdaigl-2-768x162.png 768w, https://prdaigl.bi/wp-content/uploads/2020/07/logo_prdaigl-2-600x126.png 600w, https://prdaigl.bi/wp-content/uploads/2020/07/logo_prdaigl-2.png 1349w" sizes="(max-width: 300px) 100vw, 300px" />Gestion du projet et appui institutionnel</strong></span><br />
<strong><span style="color: #000000;">Sous-composante 4.1. : Gestion et coordination du projet</span></strong><br />
<strong><span style="color: #000000;">Sous-composante 4.2.: Appui institutionnel, renforcement des capacités, plaidoyer et communication</span></strong><br />
<strong><span style="color: #000000;">Sous-composante 4.3 : Intervention d&#8217;urgence</span></strong></p>
<p>[/vc_wp_text][/vc_column][/vc_row][vc_row][vc_column][vc_text_separator title=&#8221;&#8221; color=&#8221;custom&#8221; style=&#8221;double&#8221; border_width=&#8221;10&#8243; css_animation=&#8221;zoomIn&#8221; accent_color=&#8221;#e00ddc&#8221;][/vc_column][/vc_row]</p>
</section>

<p>[vc_row][vc_column][vc_text_separator title=&#8221;LES COMPOSANTES DU PROJET&#8221; color=&#8221;custom&#8221; style=&#8221;double&#8221; border_width=&#8221;10&#8243; css_animation=&#8221;zoomIn&#8221; accent_color=&#8221;#002fef&#8221;][/vc_column][/vc_row][vc_row css_animation=&#8221;zoomIn&#8221; css=&#8221;.vc_custom_1594642437070{background-color: #f2f2c9 !important;}&#8221;][vc_column width=&#8221;1/4&#8243;][vc_wp_text title=&#8221;COMPOSANTE 1&#8243;] Amélioration de la productivité et de la production des petits exploitants agricoles. Sous-composante 1.1. : Renforcement des organisations de producteurs Sous-composante 1.2. : &hellip; </p>
